2 + 2*q + 7. Let p(w) = 4*f(w) - 7*z(w). What is p(-1)?
5
Let i(f) be the second derivative of -f**5/10 + f**4/12 - f**2/2 - 9*f. Determine i(1).
-2
Let j(l) = -l**2 - 3*l + 2. Suppose 3*i = i - 4. Let w = i + -2. What is j(w)?
-2
Let g(a) = 3*a + 5. Let n(o) = -o + 3. Suppose -5*m + 5 + 35 = 0. Let s be n(m). Determine g(s).
-10
Let f(p) = -4*p + 2. Let a(c) = 4*c - 2. Let l(r) = -3*a(r) - 2*f(r). Suppose 5*m + t + 5 = 31, 5*t = 2*m - 5. Let g = -3 + m. Determine l(g).
-6
Let i(q) = -2*q**3 + 4*q**2 + 5*q - 6. Let x = 9 - 7. Let t(n) = 6*n**2 + 5*n - n**3 - n**2 - x - 4. Let d(m) = -2*i(m) + 3*t(m). What is d(-6)?
0
Let j(k) be the third derivative of k**4/24 - k**3/6 + 5*k**2. Let y(s) = s**2 + s - 7. Let i(z) = 3*j(z) - y(z). Determine i(-3).
-11
Let h(j) = j**2 + 2*j**2 - j + 3 - 4*j**2 - j. Calculate h(-3).
0
Let w(x) = -2*x + 14 + x - x**2 - 10 - 6. Let t be (-1)/(2 + (-10)/6). Give w(t).
-8
Let i(t) = -t - t**3 - t + 3 - 3 + 2*t**2. What is i(2)?
-4
Let q(c) = -c**3 - 6*c**2 + 6*c + 13. Let v(s) = s + 1. Let f(d) = q(d) - 5*v(d). Calculate f(-6).
2
Let s = -61 + 65. Let v(r) = -3*r + 1 + 3*r - r. What is v(s)?
-3
Let f(b) be the second derivative of b**4/6 + b**3/2 - 3*b**2/2 + 16*b. Give f(-3).
6
Let h(j) = 3*j**3 - j. Let u(y) = 4*y**3 - 2*y. Let a(i) = -3*h(i) + 2*u(i). Give a(-2).
10
Let n(l) = -3*l - 20. Let y(b) = 2*b + 21. Let k(v) = -3*n(v) - 4*y(v). Determine k(0).
-24
Let o = -4 - -7. Let z(n) = 4*n**2 + n - o*n**2 - 2 + n - 3*n. Determine z(3).
4
Let v(j) be the first derivative of 2 - 1/2*j**2 + j. Calculate v(-4).
5
Let s(q) = q - 5. Let x(o) = o + 5. Let h be x(-5). Determine s(h).
-5
Let f(q) be the third derivative of -q**5/60 + q**4/24 + 2*q**3/3 + 3*q**2. Give f(0).
4
Let w be (-1 + (-21)/(-9))*3. Let n(b) = -b - 5. Calculate n(w).
-9
Let m = -2 - -7. Let o(q) be the second derivative of -q**5/20 + q**4/2 - 5*q**3/6 - 7*q**2/2 + 105*q. What is o(m)?
-7
Let k(n) = 5*n - 2. Let b(d) = 4*d - 2. Let l(m) = -6*b(m) + 5*k(m). Suppose -3*r = -10 + 1. Determine l(r).
5
Let z be 1 + 1 - (1 + 7). Let d(o) = 31*o - 18*o - 15*o - 7. Calculate d(z).
5
Let r(g) be the first derivative of 0*g**3 - 1/2*g**2 + 0*g**4 - 1/60*g**5 + 0*g + 2 - 1/60*g**6. Let a(x) be the second derivative of r(x). Give a(1).
-3
Let z(l) = -2*l**2 + 7*l + 3. Let x(g) = -3*g**2 + 14*g + 5. Let k(c) = -3*x(c) + 5*z(c). Give k(-5).
10
Suppose g = 5*t - 11, -4*g + 48 = -2*g + 4*t. Let j = 9 - g. Let s(z) = -z**3 - 6*z**2 - 5*z + 5. Calculate s(j).
5
Let y(c) = c**2 + 2*c + 3. Let w(v) be the second derivative of -5/12*v**4 - 1/20*v**5 + 5/2*v**2 - v - 1/3*v**3 + 0. Let p be w(-4). Give y(p).
6
Suppose 4*m = -8 + 60. Let i = 29 - m. Suppose 3*q - i = 7*q. Let u(l) = 2*l + 2. Give u(q).
-6
Let m(g) = g + 2. Let p be m(-4). Let u = 2 + p. Let n(w) = 6*w**2 - w - w**2 + u*w**2. Determine n(-1).
6
Let s(o) be the second derivative of 0*o**3 + 2*o**2 + 0 + 0*o**4 + 3*o - 1/20*o**5. Calculate s(0).
4
Let d = 13 - 18. Let t(b) be the first derivative of b**3/3 + 4*b**2 + 3*b - 5. Calculate t(d).
-12
Suppose 63 = 3*c - 2*c. Suppose 2*g + g = -c. Let l be 90/g + 4/14. Let p(h) = h**2 + 4*h + 5. Give p(l).
5
Let s(o) = 3*o - 9. Suppose -13*t = -14*t + 9. Determine s(t).
18
Let v(a) = a + 5. Suppose 0 = -d - 5 + 1. Calculate v(d).
1
Let v(n) = 6 - 8*n**2 + 4*n - 5*n - 4*n + 6*n**2. Let p(g) = g**2 + 4*g - 5. Let x(t) = -6*p(t) - 5*v(t). Suppose 5*s + 4 = 9. Calculate x(s).
5
Let j(f) = 6*f**2 - 2*f**2 - 2*f**2 + 3 - 2. Determine j(-1).
3
Let i be (-210)/(-49) - (-4)/(-14). Suppose 4*l + 9 = 5*a - 0*a, i*l = -4*a. Let y(g) = 7*g**3 - 2*g**2 + g. Give y(a).
6
Let z = -26 - -23. Let w(s) = -3*s + 3. Let d(a) = a. Let g(x) = -4*d(x) - w(x). Calculate g(z).
0
Let k(l) = l - 13. Let g be k(9). Let n(y) = -y**3 - 3*y**2 + 4*y - 4. What is n(g)?
-4
Let p(o) = 21*o - 42*o + 22*o + 3. Give p(-6).
-3
Let n(l) = 9*l**3 + 1. Let i be (-3 + 2 - -1)*-1. Suppose 0*p + p = i. Suppose -2*u + 6*u + 4 = p. Calculate n(u).
-8
Let l = 3 - -1. Suppose l = -p - 0*p. Let d(t) = -t**2 - 11*t + 8. Let q(j) = 2*j**2 + 23*j - 17. Let v(f) = -13*d(f) - 6*q(f). Calculate v(p).
-6
Let u(j) = -j**3 + 5*j**2 - 4*j + 2. Let i be u(4). Suppose -a = -i*a + 3. Let f(q) = q**2 - 2*q - 3. Give f(a).
0
Suppose 4*z = 5*i, -4*i - 4*z = -0*i. Let x(m) = m**2 - m - 6. Give x(i).
-6
Suppose -5*o + 186 - 216 = 0. Let f(m) = -m - 6. What is f(o)?
0
Let d(i) be the second derivative of -i**6/120 - i**5/60 + 2*i**3/3 + i**2 - i. Let a(u) be the first derivative of d(u). Let n be 0 - (-3 + 3)/(-4). Give a(n).
4
Let n(s) be the first derivative of -3*s + 1 + s - 5 - s**2 + 2. What is n(-4)?
6
Suppose -8 = 4*w - 5*w - i, i - 32 = -5*w. Let j(a) = -a**3 + 7*a**2 - 5*a + 1. What is j(w)?
7
Let g(a) = -2*a**2 + 0*a**3 + 5*a + a**3 + 5 - 3*a**2 - 2 - 1. Suppose -z + 8 = 3*z. Suppose z*q - 4 - 4 = 0. Determine g(q).
6
Let v(j) = j - 4*j + j**2 + 4*j**2 - 2*j**2 + 1. Let b(m) = 4*m**2 + m**3 + 5 - m + 3 - 10*m**2. Let w be b(6). What is v(w)?
7
Let b(o) = o - 1. Let g(r) = 2*r - 15. Let z be g(5). Give b(z).
-6
Let v(s) = -11*s + 87. Let i be v(8). Let h(c) = 16*c. Calculate h(i).
-16
Suppose t = 4*o - 0*t + 16, 2*o + 18 = -2*t. Let d(p) = -p**3 - 6*p**2 - 7*p + 2. Determine d(o).
12
Let y(p) = p**3 + 6*p**2 + 4*p - 7. Let l(g) = 3*g**2 + 5*g - 1. Let r be l(-7). Let s be r/(-21) - (-6)/21. Give y(s).
-2
Let l(p) = -3*p**2 - 4 - 60*p + 113*p - 55*p + 4*p**2. Let g(f) = f**3 + f**2 - 3*f + 3. Let u be g(-3). Let a = 9 + u. Determine l(a).
-1
Let c(r) = 6*r**3 - r**2. Let b(t) = 2*t + 0 - t + 10. Let y be b(-11). Give c(y).
-7
Let x = 39 + -37. Let l(z) = 2*z**2 - z + 1. Give l(x).
7
Let f(d) = d + 3. Let j be f(-8). Let v be (-27)/5 + (-2)/j. Let g(a) be the third derivative of a**4/24 + a**3/6 - 3*a**2. Give g(v).
-4
Let o(t) = -11*t**3 - 2*t**2 + 1. Let h(u) be the third derivative of -u**4/24 + u**3/6 - 4*u**2. Let j be h(2). Give o(j).
10
Let n = 3 - 2. Suppose 2 = 3*z - 4. Let o(c) = -3 - 1 + 2*c + 5*c**z - c + 3. Calculate o(n).
5
Let c be (0 + (-1)/2)*6. Let a be (c + 2)*(-1 + 6). Let k(t) = -t**3 - 4*t**2 + 4*t + 1. Calculate k(a).
6
Let z(w) = 2*w - 2. Let b(l) = -l - 7. Let i be b(-8). Suppose v - i = 3. Give z(v).
6
Let v(q) = 3*q + 3. Let z = 1 - 8. Let c = 10 + z. What is v(c)?
12
Let n(d) be the third derivative of -1/20*d**5 - 1/24*d**4 + 0 + 1/3*d**3 + 0*d + 3*d**2 - 1/120*d**6. Give n(-2).
0
Let q(w) = 3*w**2 + 6*w + 3. Let h be q(-2). Let y(m) be the third derivative of 1/6*m**h + 0 + 2/15*m**5 + 2*m**2 - 1/24*m**4 + 0*m. Determine y(1).
8
Suppose -5*u = -3*r - 0 - 15, 5*r - 4*u + 12 = 0. Let y = 9 + -6. Let f(p) = -5 - 2*p + r - y*p - p**2. Calculate f(-4).
-1
Suppose 4*h = 5*a + 19, -6*a = -5*h - 2*a + 17. Let c(w) = 8*w**2 - 2*w + 1. What is c(h)?
7
Let t be (-56)/(-35) - (-2)/5. Let k(r) = 3*r**t - 2*r**2 + 1 - 4*r**2 - 2*r. Determine k(-2).
-7
Let k(n) = n**3 + 6*n**2 + 5. Let c(d) = -3*d**2 + 1. Let r be c(2). Let t(v) = -2*v**3 - 11*v**2 - 10. Let b(j) = r*k(j) - 6*t(j). Let l = 2 + -2. Give b(l).
5
Suppose -40 = -4*m - 56. Let n(h) = -5*h**3 - 9*h**2 + 11*h + 15. Let o(j) = j**3 + 2*j**2 - 2*j - 3. Let w(a) = -2*n(a) - 11*o(a). What is w(m)?
3
Let j(z) = z**2 - 6*z + 3. Let y(m) be the third derivative of -m**3/6 - m**2. Let d(w) = -j(w) - y(w). Let p be (39/15 + -2)*10. Determine d(p).
-2
Let m(j) be the first derivative of 2 + 3/2*j**2 - 3*j. What is m(5)?
12
Let i(k) = 4*k + 2*k + 4 - k**2 - 9*k + 2*k. Calculate i(-3).
-2
Suppose 5*h - g = 7, -4*h + 4*g - 4 = -0*g. Let a(l) = -3*l - h + 1 - 3. Let c(d) = 7*d + 8. Let x(v) = 9*a(v) + 4*c(v). Calculate x(2).
-2
Let c(y) = -y**2 - 3*y + 2. Let d = 5 - 5. Suppose 2 = 2*r - 5*b, d = r - 5*r - b - 18. Calculate c(r).
-2
Let s(n) = n - 7. Let v be s(5). Let a(k) = k**3 - 5*k**2 + 6*k - 5. Let d be a(5). Let b(l) = l + 23 + l**2 - d + l**2. What is b(v)?
4
Let s(d) = 5*d**2 - 4*d + 25. Let t(y) = -3*y**2 + 3*y - 17. Let h(k) = -5*s(k) - 8*t(k). Determine h(-8).
-21
Let g(h) = -h - 12. Let p be g(-12). Suppose -12*o + 15*o = p. Let b(j) = -j - 2. Let y(v) = -v - 3. Let c(u) = 3*b(u) - 2*y(u). What is c(o)?
0
Suppose 2*u + 10 = 4*u. Let m(c) = -c**3 + 6*c**2 - 7*c. Determine m(u).
-10
Let q(t) = -t + 1. Let m(g) = -g**3 - 3*g + 1. Let s be m(0). Determine q(